 7ca + -a?
7c0
In base 4, what is 3 + -3031000?
-3030331
In base 15, what is 1 - 4ea0?
-4e9e
In base 10, what is 2138 + -40?
2098
In base 12, what is -a813 - -4?
-a80b
In base 5, what is 0 + 21134420?
21134420
In base 7, what is 2 - 1324623?
-1324621
In base 16, what is -3 + -30bb3?
-30bb6
In base 3, what is -110020 + -100112?
-210202
In base 2, what is 100000 - -1010000011?
1010100011
In base 2, what is 11 - 10000000010111100?
-10000000010111001
In base 15, what is 2e0d + -ca?
2d33
In base 2, what is -11010101010110010001 + -10?
-11010101010110010011
In base 16, what is 1b - -6347?
6362
In base 3, what is 111220202221 - 2?
111220202212
In base 14, what is -4 - -103b0?
103aa
In base 2, what is 1111 + -100100001000?
-100011111001
In base 13, what is 3a72 + -1?
3a71
In base 14, what is b62099 + 0?
b62099
In base 7, what is -130452 + 0?
-130452
In base 15, what is -61 + -227?
-288
In base 15, what is -d + 929c?
928e
In base 8, what is -3325 + 40?
-3265
In base 11, what is -6411a + -5?
-64124
In base 11, what is 1668 - -a32?
259a
In base 8, what is 203 + -6546?
-6343
In base 2, what is -1110011101000 - -1000110?
-1110010100010
In base 2, what is 100000001 - -11001000110001?
11001100110010
In base 5, what is 3 + -202242033?
-202242030
In base 12, what is -121 - -3226?
3105
In base 10, what is -151386 - -7?
-151379
In base 3, what is -100022202 - 10?
-100022212
In base 16, what is c507 + -2b?
c4dc
In base 12, what is -88557 + -19?
-88574
In base 5, what is -14102 + -24?
-14131
In base 4, what is 122 - 212020?
-211232
In base 13, what is -1 - 2ba7?
-2ba8
In base 4, what is -100 + 11102001?
11101301
In base 3, what is -2 - -11210002200?
11210002121
In base 9, what is -75 + -153?
-238
In base 16, what is -f9d0 - 1?
-f9d1
In base 5, what is -11340213 - -4?
-11340204
In base 13, what is -14274 + -2?
-14276
In base 3, what is 101 - -1211100?
1211201
In base 15, what is -215596 + 1?
-215595
In base 10, what is 274 + 904?
1178
In base 3, what is -22101010 - 10201?
-22111211
In base 6, what is 1 - 53350?
-53345
In base 13, what is 2272 - 22?
2250
In base 15, what is -4e - -26?
-28
In base 6, what is -4 - 43550?
-43554
In base 6, what is -414 - -322330?
321512
In base 11, what is 1112863 - -2?
1112865
In base 14, what is 0 + -14b6b?
-14b6b
In base 12, what is 6 + 16277?
16281
In base 12, what is -1 - 91b30?
-91b31
In base 9, what is 106604 - -24?
106628
In base 5, what is 232021 + -10?
232011
In base 11, what is 4 + -3315?
-3311
In base 9, what is -2361 + -23?
-2384
In base 16, what is -61f + -2c8?
-8e7
In base 2, what is 1110011111101 - -11?
1110100000000
In base 6, what is -400 + -342?
-1142
In base 7, what is -16200 + -14?
-16214
In base 14, what is 10a2 - 1?
10a1
In base 7, what is -1 - -1002321?
1002320
In base 4, what is -3 - 1332?
-2001
In base 9, what is -322426 - -5?
-322421
In base 2, what is -100 - 1000001010111001?
-1000001010111101
In base 9, what is -775 - 306?
-1182
In base 15, what is -b013 - -3?
-b010
In base 4, what is -3 + -130120?
-130123
In base 12, what is -a9 - -54?
-55
In base 11, what is -a16a8 - -1?
-a16a7
In base 6, what is -414 + -1143?
-2001
In base 6, what is -3 + 5534410?
5534403
In base 15, what is -19d4b - 6?
-19d52
In base 13, what is 4 - -2421?
2425
In base 11, what is 1a041 - 14?
1a028
In base 15, what is -7c - 11c7?
-1254
In base 4, what is -10010 - 2023?
-12033
In base 12, what is -516 - 78?
-592
In base 7, what is 20245 + 460?
21035
In base 16, what is -5 - 6360?
-6365
In base 7, what is 3 - 42101?
-42065
In base 3, what is 201211110 - -1?
201211111
In base 6, what is -11 - 10541531?
-10541542
In base 13, what is -12265 + -1?
-12266
In base 14, what is 9 - -34254?
3425d
In base 4, what is 2 + -20202202?
-20202200
In base 13, what is -21 + 7b8cb?
7b8aa
In base 3, what is -212 + 11100010?
11022021
In base 9, what is -2 - -132525?
132523
In base 5, what is -2 + -323214?
-323221
In base 2, what is 1001101010110 - -11?
1001101011001
In base 13, what is -211cc7 - 2?
-211cc9
In base 2, what is 10101110 - -100001000100?
100011110010
In base 9, what is -4445 + -271?
-4726
In base 2, what is -1001000 - 1101111?
-10110111
In base 14, what is 2 + ca0a0?
ca0a2
In base 7, what is -30 - 616064?
-616124
In base 12, what is -aaa4 - 1?
-aaa5
In base 14, what is 279 - 31?
248
In base 11, what is 651 + 26?
677
In base 5, what is -42 - 1434002?
-1434044
In base 9, what is 13737 - 103?
13634
In base 3, what is -1021020020220 + 2?
-1021020020211
In base 8, what is -2256705 - -1?
-2256704
In base 13, what is -3 - -5b8b3?
5b8b0
In base 7, what is -43 - -216664?
216621
In base 4, what is 2032231211 + -10?
2032231201
In base 7, what is -310 - 13150?
-13460
In base 15, what is -162d - 1a?
-1648
In base 10, what is 70248 - 14?
70234
In base 8, what is -23 + -6351?
-6374
In base 5, what is 41 + -1403113?
-1403022
In base 6, what is 21 + 30052?
30113
In base 10, what is -14248 + -4?
-14252
In base 5, what is 3 - -33202222?
33202230
In base 4, what is -11 - -13221032?
13221021
In base 9, what is -57820 + -5?
-57825
In base 12, what is -9b74 + -5?
-9b79
In base 7, what is -162 + 133?
-26
In base 4, what is -20030231221 - 2?
-20030231223
In base 16, what is 6 - 105a?
-1054
In base 9, what is 4 + -2026?
-2022
In base 15, what is 2e9031 + -2?
2e902e
In base 14, what is ca8 - 360?
948
In base 12, what is -1286 - 26?
-12b0
In base 14, what is -60 + 409?
389
In base 16, what is 268f4 - -2?
268f6
In base 14, what is 3b1 - -20?
3d1
In base 3, what is -120110100 + 102?
-120102221
In base 9, what is 10547 + -8?
10538
In base 9, what is -460 + 11?
-448
In base 2, what is -1 - 101011110101100?
-101011110101101
In base 3, what is -10222200102 + 0?
-10222200102
In base 6, what is 14 + 33112?
33130
In base 9, what is -31228 + -130?
-31358
In base 12, what is -581b3 + -3?
-581b6
In base 6, what is -3 - -1103?
1100
In base 10, what is 282 - 284?
-2
In base 15, what is -d - 301e4?
-30202
In base 10, what is -44 + -1639?
-1683
In base 7, what is -23 - 550?
-603
In base 8, what is 1 - 22740?
-22737
In base 6, what is 4010220 - 11?
4010205
In base 16, what is -21 + 1607e?
1605d
In base 9, what is 21 - 4554?
-4533
In base 6, what is 100 + -5114?
-5014
In base 7, what is -142 - -5225?
5053
In base 2, what is -11110111100100011 - 11?
-11110111100100110
In base 15, what is 2146 - b?
213a
In base 5, what is -4312 - -34?
-4223
In base 9, what is -105644 + 55?
-105578
In base 5, what is 131113340 - 2?
131113333
In base 7, what is 135264 - -5?
135302
In base 14, what is -a804a + -5?
-a8051
In base 5, what is 114440 + 132?
120122
In base 8, what is 211 - 2325?
-2114
In base 13, what is 50b32 + -4?
50b2b
In base 8, what is 2163 - 1231?
732
In base 8, what is -347 - 733?
-1302
In base 3, what is 1101211021 + -110?
1101210211
In base 9, what is -17 + -101?
-118
In base 15, what is 209a - 4?
2096
In base 5, what is -102230 + 11?
-102214
In base 16, what is -2 - -cb5d?
cb5b
In base 7, what is 5 + 311421?
311426
In base 5, what is 141240 - -131?
141421
In base 16, what is -4 + -c71?
-c75
In base 2, what is 111001001000 + -1110001111?
101010111001
In base 4, what is -20220 - 100310?
-121130
In base 15, what is 163 - 20?
143
In base 8, what is 10 + 27012?
27022
In base 9, what is -255 + 7?
-247
In base 7, what is 34245 + -202?
34043
In base 11, what is 0 + -22767?
-22767
In base 16, what is 26424 + 3?
26427
In base 9, what is -1 - 330385?
-330386
In base 14, what is -1d354c + 1?
-1d354b
In base 3, what is 20010211 + 1010?
20011221
In base 12, what is 1 - -34a48?
34a49
In base 12, what is 2076 + 0?
2076
In base 14, what is -7 - -373c6?
373bd
In base 7, what is 102 + -20641?
-20536
In base 12, what is 60b8 - -12?
610a
In base 2, what is -110 - 10100110110000000011?
-10100110110000001001
In base 10, what is 3 - -75987?
75990
In base 6, what is 15 + -3225500?
-3225441
In base 5, what is -1114412 + 130?
-1114232
In base 4, what is -103003213 + -11?
-103003230
In base 7, what is -2 + 4503?
4501
In base 10, what is 10 + 1154?
1164
In base 6, what is 513 + 2203?
3120
In base 9, what is 104271 + -1?
104270
In base 15, what is -80bb - a?
-80c6
In base 15, what is 3 + 45090?
45093
In base 10, what is -20 - -89173?
89153
In base 9, what is 105401 + 8?
105410
In base 6, what is 5 + 15533003?
155330